Let d(a) = -a**2 + 14*a - 2. What is d(z)?
46
Let l(i) = 1 - 2*i**3 + 8*i**2 + 4 - 7 + 3*i**3 - i. Let y = -362 - -354. Calculate l(y).
6
Let h(b) = 14*b. Let s(i) = 5*i. Let x(r) = 3*h(r) - 8*s(r). Let t = -3 - 7. Let q(u) = -u - 5. Let m be q(t). Calculate x(m).
10
Suppose 0 = -2*c - 2, 2*h + 3*c - 5 = 4*c. Suppose -384 = -0*z + 2*z. Let m be (h/6)/(16/z). Let p(x) = -x**3 - 6*x**2 - 3*x + 2. Give p(m).
-18
Let i(j) = 18*j. Let b(c) = 2*c + 4. Let n be 399/(-95)*(-20)/6. Let g be b(n). Let a = g - 31. Calculate i(a).
18
Let r(i) = 4*i**2 - 12*i - 4. Let s = -2359 - -2362. Give r(s).
-4
Let y(k) be the first derivative of -k**4/4 + 20*k**3/3 - 11*k**2 + 33*k + 586. Calculate y(19).
-24
Let i(a) = 5*a**2 - 7*a - 2. Suppose 127*b + 117*b = 936 + 284. What is i(b)?
88
Let y(o) = -2*o - 35. Suppose -5*i - 40 = 4*s, 2*i = -6*s + 4*s - 14. What is y(i)?
-11
Let i(t) = 15*t - 53. Suppose -24*v + 5*v + 1 + 56 = 0. What is i(v)?
-8
Let g(y) be the first derivative of -5*y**3/3 - 171*y**2/2 - 16*y - 3319. Give g(-34).
18
Let j(f) = f + 3 - 33 + 8. Give j(15).
-7
Suppose d = 5*y + 16 - 46, 5*d - 60 = -5*y. Let k(s) be the first derivative of s**3/3 - 7*s**2/2 + 4*s + 1. Let b be k(y). Let l(w) = w - 4. What is l(b)?
0
Let f(t) = 4*t + 3. Suppose -4*z + 14*k - 19*k = 5, 3*k + 3 = -2*z. Determine f(z).
3
Let k(n) = n**2 - 36*n + 19. Let l(v) = v**2 - 42*v + 20. Let x(r) = 6*k(r) - 5*l(r). Give x(5).
9
Let d(s) = -s**2 + 6*s + 6. Let j = 138 + -125. Suppose 49 - j = 6*z. What is d(z)?
6
Let v = 1611 - 1638. Let l(d) = -d**2 - 26*d + 39. Determine l(v).
12
Let m(k) = -3*k - 13. Let j(r) = 2*r**3 + 227*r**2 + 118*r + 559. Let g be j(-113). Determine m(g).
5
Suppose -6*x = 266 + 100. Let z = 86 + x. Suppose 2*a - 4*c = -0*c + 10, 5*c = -5*a + z. Let y(u) = -u + 4. What is y(a)?
-1
Let h(z) = -z - 4. Let p = 172 - -412. Let a = 588 - p. What is h(a)?
-8
Let f(s) = 18*s - 7*s**2 - 6*s + s**2 - 11*s + 5*s**2. Let y(j) = -8*j**2 - 3*j. Let n be (1/(-2))/((-2)/(-4)). Let b(q) = n*y(q) - 2*f(q). Give b(-1).
9
Let w(r) = -7*r**3 - 4*r**2 + 2. Let a = 5229 + -5231. Calculate w(a).
42
Let w be (-1)/5 - (-320)/100. Let s(m) be the second derivative of -1/3*m**w - 22*m + 0 - 2/5*m**5 + 1/2*m**2 + 0*m**4. What is s(1)?
-9
Let q(f) be the first derivative of -5/2*f**2 + 151 - 11*f + 1/3*f**3. Determine q(6).
-5
Let m(t) = -219 - t**3 - t**2 + 74 - 3*t**2 + 117 - t. Calculate m(-5).
2
Let u(n) = -10*n + 2 - n**2 + 12 + 0. Suppose 4*g = -3*t - 34 - 1, t - 58 = 5*g. Let j be u(g). Let q(z) = -z**2 + 3*z - 1. Determine q(j).
-1
Let l(o) be the second derivative of o**5/20 + o**4/4 - o**3 - 13*o**2/2 + 29*o - 61. Give l(-4).
-5
Let l(y) = -y - 25. Suppose -58*i + 9164 = -14848. Suppose i = -47*g + 29*g. Give l(g).
-2
Let u(h) = -h**3 + 4*h**2 + 4*h + 6. Suppose 34*m - 660 = -53*m - 312. Calculate u(m).
22
Let t be 52/25 - 18/225. Let m(j) = j - 2*j**3 + 0*j - 2*j**3 + 2*j**3 + j**2. Determine m(t).
-10
Suppose 2*c + 3*d = 39, 0*d = 2*c - 4*d - 18. Let b(m) = 14*m**2 + 0*m + 13*m - 6 - c*m**2. Determine b(11).
16
Let w(h) = h**3 + 10*h**2 + 2*h + 21. Let u = -628 + 652. Suppose 337 = -u*s + 97. What is w(s)?
1
Let t(o) = -2*o - 3. Let y(w) = -w**2 + 4*w + 8. Let i(k) = -4*t(k) - y(k). Let x(r) = -7*r - 14. Let a be x(-2). Calculate i(a).
4
Let s(b) be the second derivative of -b**5/20 - 5*b**4/4 + 16*b**3/3 - 15*b**2/2 + 300*b + 1. Determine s(-17).
19
Let m(t) = 10*t**2 - t. Let s be ((-20)/6 + -4 + 8)*-3. Let c be -1 - s/(4/(-6)) - -8. Suppose -5*v = c*d - 0*v + 1, -2*d - 3 = 5*v. Give m(d).
9
Let b(o) = o**3 + o + 3. Let t be (-13)/(292/(-148) - -2). Let y = 481 + t. Calculate b(y).
3
Let f = -44 - -114. Let t(d) = 134*d - f*d - 65*d + 7. Give t(7).
0
Let g(f) = 8 + 0 + 3*f + f - 7*f**2 + 2*f**3. Let m(n) = -n**3 - 1. Let o be 4*(4*-2 - 66/(-8)). Let k(a) = o*m(a) + g(a). Calculate k(6).
-5
Let b(d) = 2*d**2 + 3*d + 1. Suppose 0 = -4*g + 4*k + 56, 39 = 4*g - 3*k - 21. Let w(o) = o**2 - 28*o + 176. Let y be w(g). Calculate b(y).
21
Let s = -391 + 376. Let q be -4 - (21/(-6) - s/10). Let w(r) = 12*r + 5. Determine w(q).
-19
Let h(o) be the third derivative of o**6/60 - o**5/10 - 11*o**3/6 + 5*o**2 - 468*o. Determine h(5).
89
Let r(z) = z**2 + 2*z - 10. Suppose -2 + 32 = -6*j. What is r(j)?
5
Let o be (-8 - 119/(-85)) + 1 + (-14)/10. Let u(t) = -4*t - 17. Calculate u(o).
11
Let f(y) = y**2 - y + 4. Suppose 5*c = x + 22, 2*c - 38 = 3*x + 15. Let v be x/(17/(-6)) + -2. What is f(v)?
16
Let g(m) = 596*m - 595*m + 140 - 89. Calculate g(-12).
39
Let p(b) be the second derivative of -1/6*b**3 + 0 - 39*b - 11/2*b**2. Determine p(-8).
-3
Let u(f) = 5*f**2 - 7*f + 3. Suppose 531*j = 328*j + 99 + 510. Determine u(j).
27
Let r(z) = 6*z + 19. Suppose 0*l - 4 = -4*l + 4*w, 2*l = -4*w - 22. Give r(l).
1
Let k(n) = -n. Let g = 155 - 151. Suppose 4 = -q + 3*l - 4*l, 2*q = -4*l - g. Determine k(q).
6
Let s be (-40)/50 - (4 - 1/(-5)). Let u(q) be the second derivative of 3*q - 1/3*q**3 + 0 + 3/2*q**2 - 1/12*q**4. Give u(s).
-12
Let y(t) = -t**3 + 8*t**2 - 16*t + 9. Suppose 175*a + 190*a = 1825. Calculate y(a).
4
Let w(i) = -i**2 + i - 3. Suppose -9*v - 114 = 183. Let c(k) = 15*k**2 - 15*k + 51. Let z(n) = v*w(n) - 2*c(n). Give z(3).
15
Let c(v) = -v**3 - 23*v**2 + 80*v + 42. Let p be 216/(-4) + 19 - -9. Calculate c(p).
-10
Let o = 105995 - 105996. Let l(c) = 29*c - 5. Let d(f) = -10*f + 2. Let b(z) = 11*d(z) + 4*l(z). Give b(o).
-4
Let x(n) = -n**2 + 9 - 11*n + 5 + 4. Suppose -2220 = -26*s + 82*s + 129*s. Determine x(s).
6
Let a(f) = -111*f**2 - f. Let p be (2*(-3)/(-6))/(10/30*-3). Give a(p).
-110
Let l(v) = v**2 + 7*v + 5. Suppose 43 = 2*f + 5. Let s = -24 + f. What is l(s)?
-5
Let r(b) = -b**2 - 7*b - 3. Suppose -125 = -9*n - 17. Suppose -d - n = -2*s + 5*s, -2*d - s = -1. Suppose -d*a = 2*a + 30. Calculate r(a).
3
Let l(k) = -k**2 + 15*k - 15. Let a(p) = -15*p - 15. Let v be a(-2). Determine l(v).
-15
Let w(s) = -s**2 + 30*s - 184. Let f = 15406 - 15384. Calculate w(f).
-8
Suppose 352*b - 6 = 346*b. Let l be 552/(-92)*((-2)/6 - b). Let p(r) = -r**3 + 8*r**2 + 1. Calculate p(l).
1
Let j(z) = 4*z - 65. Let p be j(17). Let b(n) = n - 3*n**2 + 9 - 14*n**2 + 16*n**2 + n**p. Determine b(0).
9
Let y(q) = 6*q**2 - 2*q + 1. Let t be y(2). Let j = t - 15. Let z(f) be the first derivative of -f**3/3 + 4*f**2 - 3*f - 2720. Calculate z(j).
9
Let b(z) = -1. Let o(k) = 2*k - 5. Let f(t) = 5*b(t) - o(t). Suppose -65*i - 12 = -67*i. Suppose i*p - 12*p - 12 = 0. Determine f(p).
4
Let z(r) be the second derivative of -2*r**3/3 - 97*r**2/2 - 86*r - 16. Give z(-27).
11
Let x(p) = -2*p**2 - 2*p - 1. Let f be (-2)/(-10) + (-960)/(-200). Suppose 3*d - 5*v - 12 = 0, -4*d = -f*d - 5*v - 16. Determine x(d).
-1
Let y(v) be the second derivative of -v**3/6 + 29*v**2/2 - 4*v + 246. Suppose -3*z = z. Give y(z).
29
Let j(i) = -3*i - 6. Let d = 78 - 62. Suppose 0 = o + d + 14. Let t be ((-6)/5)/((99/o)/(-11)). What is j(t)?
6
Let r(h) = 4*h**3 + 5*h**2 + 17*h + 17. Let t(y) = -9*y**3 - 8*y**2 - 36*y - 35. Let b(j) = 7*r(j) + 3*t(j). Let s be 60/8*(-12)/9. Give b(s).
4
Let y(f) = -f**3 + 24*f**2 + 4*f - 84. Let r be 2 - 2*66/4*(-24)/36. What is y(r)?
12
Let b(d) = 3*d + 10. Suppose -3*l = -4*u - 19, 3*u + 4*l - 16 = -u. Give b(u).
7
Let v(x) be the second derivative of -x**5/20 - x**4/12 + 2*x**3/3 + 3*x**2/2 - 381*x. Let k = 3 + 2. Let o be (2 - k)/(-1 - -2). Determine v(o).
9
Let n(t) = -20*t**3 - t**2 + t - 1. Let s be (-334)/10 + (-4)/(-10). Let v be (-33)/4 + s/44. Let l be (4/6)/((-6)/v). Give n(l).
-21
Let v(j) = 8*j - 6. Let z be ((-2)/(-6))/((-32)/(-96)). Let f be v(z). Let w(n) = -4*n**2 + 2*n + 1. Give w(f).
-11
Let d(x) be the second derivative of x**4/6 - x**2/2 + 6*x - 1. Let l(c) = -c**3 - 9*c**2 - 4*c + 3. Let f(a) = 2*d(a) + l(a). Calculate f(-2).
-3
Let u(f) = 4*f**3 + 9*f**2 - 48*f + 7. Let t be u(5). Let k = -498 + t. Let h(g) = g + 2. What is h(k)?
-4
Suppose 20*i = 11*i - 2673. Let w = -303 - i. Let p(s) = -6*s - 8 - 3*s + 2*s**2 - 3*s**2 + 0*s. Give p(w).
10
Let y = -82 - -80. Let t(l) = -3*l + 11. Let a(q) = 4*q - 13. Let u(x) = y*a(x) - 3*t(x). Calculate u(7).
0
Let j = -48423 - -48421. Let x(b) = b + 0*b**2 - b**2 - 5*b**2 + 2. What is x(j)?
-24
Let z be 3 - 4 - (-6 + 5). Suppose 4*a = -4*j - 2